s digit of 13172886?
1
What is the hundreds digit of 1522128?
1
What is the millions digit of 5079715?
5
What is the hundreds digit of 17878981?
9
What is the hundreds digit of 108562?
5
What is the ten millions digit of 17292522?
1
What is the units digit of 10912897?
7
What is the ten millions digit of 11782495?
1
What is the thousands digit of 323568?
3
What is the units digit of 30838187?
7
What is the ten thousands digit of 4825320?
2
What is the tens digit of 1212111?
1
What is the tens digit of 359?
5
What is the ten thousands digit of 7420825?
2
What is the hundred thousands digit of 1454400?
4
What is the millions digit of 44270708?
4
What is the ten thousands digit of 32018?
3
What is the hundreds digit of 612359?
3
What is the hundred thousands digit of 4162185?
1
What is the millions digit of 18073361?
8
What is the units digit of 228413?
3
What is the hundreds digit of 3356872?
8
What is the thousands digit of 371747?
1
What is the hundreds digit of 716991?
9
What is the units digit of 95940?
0
What is the ten thousands digit of 164502?
6
What is the units digit of 34473?
3
What is the thousands digit of 130100?
0
What is the thousands digit of 758999?
8
What is the thousands digit of 2090549?
0
What is the millions digit of 4713925?
4
What is the thousands digit of 22777397?
7
What is the ten thousands digit of 118640?
1
What is the units digit of 2900747?
7
What is the units digit of 127335?
5
What is the hundreds digit of 283115?
1
What is the hundreds digit of 235337?
3
What is the ten thousands digit of 250715?
5
What is the hundred thousands digit of 6011948?
0
What is the hundreds digit of 8268104?
1
What is the hundred thousands digit of 4865187?
8
What is the hundreds digit of 419052?
0
What is the units digit of 2367843?
3
What is the thousands digit of 2421981?
1
What is the ten thousands digit of 154931?
5
What is the units digit of 863465?
5
What is the millions digit of 1112849?
1
What is the millions digit of 1144648?
1
What is the tens digit of 38871?
7
What is the ten thousands digit of 595667?
9
What is the units digit of 3070744?
4
What is the millions digit of 3267471?
3
What is the thousands digit of 17119598?
9
What is the ten thousands digit of 53865?
5
What is the millions digit of 7424599?
7
What is the tens digit of 1012356?
5
What is the millions digit of 7307508?
7
What is the thousands digit of 258675?
8
What is the hundreds digit of 992979?
9
What is the ten thousands digit of 4135409?
3
What is the units digit of 359547?
7
What is the thousands digit of 1117776?
7
What is the units digit of 1334892?
2
What is the units digit of 242308?
8
What is the hundreds digit of 989860?
8
What is the hundred thousands digit of 21433601?
4
What is the thousands digit of 58304?
8
What is the units digit of 43593?
3
What is the thousands digit of 548693?
8
What is the ten thousands digit of 390786?
9
What is the units digit of 223575?
5
What is the units digit of 67577?
7
What is the hundreds digit of 3576999?
9
What is the thousands digit of 1518678?
8
What is the tens digit of 323251?
5
What is the millions digit of 3846001?
3
What is the thousands digit of 1678598?
8
What is the units digit of 438185?
5
What is the ten thousands digit of 137764?
3
What is the tens digit of 501982?
8
What is the thousands digit of 615883?
5
What is the thousands digit of 3117035?
7
What is the ten thousands digit of 239991?
3
What is the thousands digit of 467007?
7
What is the tens digit of 2616552?
5
What is the tens digit of 13703607?
0
What is the tens digit of 8281283?
8
What is the hundred thousands digit of 105787?
1
What is the ten thousands digit of 6842152?
4
What is the units digit of 276027?
7
What is the tens digit of 304369?
6
What is the tens digit of 28742250?
5
What is the units digit of 914729?
9
What is the tens digit of 34931?
3
What is the thousands digit of 270218?
0
What is the thousands digit of 10899538?
9
What is the thousands digit of 397939?
7
What is the thousands digit of 1373372?
3
What is the thousands digit of 585516?
5
What is the units digit of 82462?
2
What is the ten thousands digit of 3868577?
6
What is the hundred thousands digit of 1251972?
2
What is the hundred thousands digit of 150788?
1
What is the tens digit of 625969?
6
What is the units digit of 8971218?
8
What is the tens digit of 3028278?
7
What is the thousands digit of 3499230?
9
What is the thousands digit of 25569959?
9
What is the hundred thousands digit of 13591993?
5
What is the tens digit of 1040714?
1
What is the millions digit of 5169456?
5
What is the millions digit of 3695473?
3
What is the units digit of 677113?
3
What is the millions digit of 5548527?
5
What is the thousands digit of 1762333?
2
What is the hundred thousands digit of 540307?
5
What is the units digit of 414420?
0
What is the millions digit of 5742502?
5
What is the tens digit of 177992?
9
What is the tens digit of 768111?
1
What is the tens digit of 42261?
6
What is the millions digit of 4013786?
4
What is the units digit of 1434965?
5
What is the hundreds digit of 884368?
3
What is the units digit of 7061227?
7
What is the millions digit of 6930829?
6
What is the tens digit of 1159635?
3
What is the thousands digit of 822227?
2
What is the ten millions digit of 32982490?
3
What is the hundreds digit of 44666?
6
What is the ten thousands digit of 2929716?
2
What is the tens digit of 8850586?
8
What is the thousands digit of 2113914?
3
What is the ten thousands digit of 166219?
6
What is the hundred thousands digit of 18342297?
3
What is the thousands digit of 12602648?
2
What is the ten thousands digit of 117625?
1
What is the hundred thousands digit of 881143?
8
What is the ten thousands digit of 4820547?
2
What is the ten thousands digit of 958020?
5
What is the ten thousands digit of 49992?
4
What is the hundred thousands digit of 26223738?
2
What is the ten thousands digit of 1029579?
2
What is the units digit of 529922?
2
What is the hundred thousands digit of 311671?
3
What is the tens digit of 1117069?
6
What is the units digit of 453391?
1
What is the ten thousands digit of 1062001?
6
What is the ten thousands digit of 8860603?
6
What is the thousands digit of 579355?
9
What is the hundreds digit of 243971?
9
What is the ten thousands digit of 195960?
9
What is the thousands digit of 187369?
7
What is the units digit of 26781?
1
What is the hundreds digit of 517083?
0
What is the tens digit of 70604?
0
What is the millions digit of 16906755?
6
What is the hundreds digit of 408623?
6
What is the thousands digit of 359876?
9
What is the units digit of 630713?
3
What is the millions digit of 2040488?
2
What is the hundred thousands digit of 3349708?
3
What is the hundreds digit of 4508111?
1
What is the tens digit of 2104087?
8
What is the hundred thousands digit of 900921?
9
What is the ten thousands digit of 203016?
0
What is the thousands digit of 1607104?
7
What is the hundred thousands digit of 154413?
1
What is the units digit of 375580?
0
What is the tens digit of 185749?
4
What is the hundreds digit of 15394914?
9
What is the tens digit of 2887570?
7
What is the thousands digit of 6361908?
1
What is the hundreds digit of 266532?
5
What is the tens digit of 967379?
7
What is the hundred thousands digit of 492285?
4
What is the thousands digit of 754995?
4
What is the millions digit of 3907305?
3
What is the hundreds digit of 376311?
3
What is the tens digit of 4001729?
2
What is the hundreds digit of 2030553?
5
What is the ten thousands digit of 3084273?
8
What is the hundred thousands digit of 8508374?
5
What is the units digit of 2462515?
5
What is the tens digit of 29840?
4
What is the thousands digit of 290531?
0
What is the tens digit of 578783?
8
What is the hundred thousands digit of 148842?
1
What is the hundreds digit of 410894?
8
What is the thousands digit of 138161?
8
What is the hundred thousands digit of 493318?
4
What is the units digit of 49342?
2
What is the ten thousands digit of 805484?
0
What is the hundreds digit of 105133?
1
What is the ten millions digit of 27632574?
2
What is the millions digit of 3697934?
3
What is the thousands digit of 5912073?
2
What is the tens digit of 1019649?
4
What is the ten thousands 